{"id":1430,"date":"2023-07-07T01:11:00","date_gmt":"2023-07-06T23:11:00","guid":{"rendered":"https:\/\/repensandolaeducacion.alopadres.com\/?page_id=1430"},"modified":"2024-07-08T02:58:19","modified_gmt":"2024-07-08T00:58:19","slug":"equipo-repensando-la-educacion","status":"publish","type":"page","link":"https:\/\/repensandolaeducacion.alopadres.com\/index.php\/equipo-repensando-la-educacion\/","title":{"rendered":"Equipo Repensando la Educaci\u00f3n"},"content":{"rendered":"\t\t<div data-elementor-type=\"wp-page\" data-elementor-id=\"1430\" class=\"elementor elementor-1430\">\n\t\t\t\t<div class=\"elementor-element elementor-element-abfd369 e-flex e-con-boxed e-con e-parent\" data-id=\"abfd369\" data-element_type=\"container\" data-e-type=\"container\">\n\t\t\t\t\t<div class=\"e-con-inner\">\n\t\t\t\t<div class=\"elementor-element elementor-element-51f2e4b elementor-widget elementor-widget-text-editor\" data-id=\"51f2e4b\" data-element_type=\"widget\" data-e-type=\"widget\" data-widget_type=\"text-editor.default\">\n\t\t\t\t<div class=\"elementor-widget-container\">\n\t\t\t\t\t\t\t\t\t<p>La pasi\u00f3n por la lectura y la voluntad de contribuir a la transformaci\u00f3n del mundo son dos fuerzas poderosas que pueden llevarnos a lugares incre\u00edbles.<\/p><p>La revista es una forma de compartir nuestros saberes y experiencias, y, a su vez, de aprender de los dem\u00e1s. Por ello, \u00abRepensando la educaci\u00f3n\u00bb busca ser inclusiva, diversa, dar voz a diferentes perspectivas y vivencias para enriquecer el contenido y promover la empat\u00eda y el entendimiento entre individuos y comunidades.<\/p><p>La revista es una herramienta y una oportunidad para compartir conocimientos, por lo cual naci\u00f3 la idea de hacer una construcci\u00f3n de ideas con un colectivo de personas con la misma pasi\u00f3n, ideas que pueden ser \u00fatiles para inspirar a otros e impulsar el despertar de una conciencia conjunta, con miras a construir un mundo mejor.<\/p>\t\t\t\t\t\t\t\t<\/div>\n\t\t\t\t<\/div>\n\t\t\t\t<div class=\"elementor-element elementor-element-e850535 elementor-widget elementor-widget-he-personal-information\" data-id=\"e850535\" data-element_type=\"widget\" data-e-type=\"widget\" data-widget_type=\"he-personal-information.default\">\n\t\t\t\t<div class=\"elementor-widget-container\">\n\t\t\t\t\t        <div class=\"he-personal-information he-align-center\">\n            <div class=\"he-pi-image\">\n                <img fetchpriority=\"high\" decoding=\"async\" width=\"1133\" height=\"1525\" src=\"https:\/\/repensandolaeducacion.alopadres.com\/wp-content\/uploads\/2024\/07\/Foto_Gladys_Repensando.png\" class=\"attachment-full size-full wp-image-1461\" alt=\"\" srcset=\"https:\/\/repensandolaeducacion.alopadres.com\/wp-content\/uploads\/2024\/07\/Foto_Gladys_Repensando.png 1133w, https:\/\/repensandolaeducacion.alopadres.com\/wp-content\/uploads\/2024\/07\/Foto_Gladys_Repensando-223x300.png 223w, https:\/\/repensandolaeducacion.alopadres.com\/wp-content\/uploads\/2024\/07\/Foto_Gladys_Repensando-761x1024.png 761w, https:\/\/repensandolaeducacion.alopadres.com\/wp-content\/uploads\/2024\/07\/Foto_Gladys_Repensando-768x1034.png 768w\" sizes=\"(max-width: 1133px) 100vw, 1133px\" \/>            <\/div>\n\n            <div class=\"he-pi-name\"><span>Gladys Elisa Salas Cerquera<\/span><\/div><div class=\"he-pi-intro\">Madre, educadora, asesora y gestora. Mi pasi\u00f3n es promover\nherramientas encaminadas a la transformaci\u00f3n de la educaci\u00f3n y la\ncrianza. Con experiencia en diversos sectores y temas relacionados\nespecialmente con educaci\u00f3n, coordinaci\u00f3n acad\u00e9mica, evaluaci\u00f3n,\ngesti\u00f3n de proyectos y temas relacionados con asesor\u00eda y Evaluaci\u00f3n de\nProcedimientos.\nEl prop\u00f3sito de vida me lleva a recoger semillas de conocimiento y buscar\nterreno f\u00e9rtil en las mentes y sobre todo en los corazones de las\npersonas. Forjadora de sue\u00f1os con una necesidad profunda de dejar un\nmundo mejor para mis hijos y las nuevas generaciones.\nActualmente me desempe\u00f1o como la directora general de la revista\ndigital \u201cRepensando la Educaci\u00f3n\u201d.<\/div>        <\/div>\n        \t\t\t\t<\/div>\n\t\t\t\t<\/div>\n\t\t\t\t\t<\/div>\n\t\t\t\t<\/div>\n\t\t<div class=\"elementor-element elementor-element-2fa44fb e-flex e-con-boxed e-con e-parent\" data-id=\"2fa44fb\" data-element_type=\"container\" data-e-type=\"container\">\n\t\t\t\t\t<div class=\"e-con-inner\">\n\t\t\t\t<div class=\"elementor-element elementor-element-a1826b3 elementor-widget elementor-widget-he-personal-information\" data-id=\"a1826b3\" data-element_type=\"widget\" data-e-type=\"widget\" data-widget_type=\"he-personal-information.default\">\n\t\t\t\t<div class=\"elementor-widget-container\">\n\t\t\t\t\t        <div class=\"he-personal-information he-align-center\">\n            <div class=\"he-pi-image\">\n                <img decoding=\"async\" width=\"758\" height=\"1098\" src=\"https:\/\/repensandolaeducacion.alopadres.com\/wp-content\/uploads\/2024\/07\/foto_Natalia_repensando.png\" class=\"attachment-full size-full wp-image-1439\" alt=\"\" srcset=\"https:\/\/repensandolaeducacion.alopadres.com\/wp-content\/uploads\/2024\/07\/foto_Natalia_repensando.png 758w, https:\/\/repensandolaeducacion.alopadres.com\/wp-content\/uploads\/2024\/07\/foto_Natalia_repensando-207x300.png 207w, https:\/\/repensandolaeducacion.alopadres.com\/wp-content\/uploads\/2024\/07\/foto_Natalia_repensando-707x1024.png 707w\" sizes=\"(max-width: 758px) 100vw, 758px\" \/>            <\/div>\n\n            <div class=\"he-pi-name\"><span>Natalia Ni\u00f1o<\/span><\/div><div class=\"he-pi-intro\">Estudiante del pregrado de Creaci\u00f3n Literaria en la Universidad Central, part\u00edcipe de Quarta Feira Cine Club y miembro activo del comit\u00e9 editorial Letray-legal. Ha tomado el curso de procesos editoriales y se ha desempe\u00f1ado como correctora de estilo. Adem\u00e1s, realiz\u00f3 actividades de promoci\u00f3n y escritura creativa a trav\u00e9s de talleres. Y ha publicado en la ra\u00edz invertida.<\/div>        <\/div>\n        \t\t\t\t<\/div>\n\t\t\t\t<\/div>\n\t\t\t\t\t<\/div>\n\t\t\t\t<\/div>\n\t\t<div class=\"elementor-element elementor-element-deaa919 e-flex e-con-boxed e-con e-parent\" data-id=\"deaa919\" data-element_type=\"container\" data-e-type=\"container\">\n\t\t\t\t\t<div class=\"e-con-inner\">\n\t\t\t\t<div class=\"elementor-element elementor-element-ac5b0bb elementor-widget elementor-widget-he-personal-information\" data-id=\"ac5b0bb\" data-element_type=\"widget\" data-e-type=\"widget\" data-widget_type=\"he-personal-information.default\">\n\t\t\t\t<div class=\"elementor-widget-container\">\n\t\t\t\t\t        <div class=\"he-personal-information he-align-center\">\n            <div class=\"he-pi-image\">\n                <img decoding=\"async\" width=\"720\" height=\"945\" src=\"https:\/\/repensandolaeducacion.alopadres.com\/wp-content\/uploads\/2024\/07\/foto_Cristian_-repensando.jpg\" class=\"attachment-full size-full wp-image-1505\" alt=\"\" srcset=\"https:\/\/repensandolaeducacion.alopadres.com\/wp-content\/uploads\/2024\/07\/foto_Cristian_-repensando.jpg 720w, https:\/\/repensandolaeducacion.alopadres.com\/wp-content\/uploads\/2024\/07\/foto_Cristian_-repensando-229x300.jpg 229w\" sizes=\"(max-width: 720px) 100vw, 720px\" \/>            <\/div>\n\n            <div class=\"he-pi-name\"><span>Cristian Ivan Bolivar Tellez <\/span><\/div><div class=\"he-pi-intro\">Estudiante de licenciatura en educaci\u00f3n f\u00edsica recreaci\u00f3n y deportes de la universidad Minuto de Dios, con enfoque en la infancia y la pedagog\u00eda, comprometido con el esp\u00edritu investigativo y el aprendizaje cr\u00edtico significativo.\nMiembro de la red de literatura de cota y participante activo de talleres y procesos de creaci\u00f3n literaria \nEstudiante de las escuelas de formaci\u00f3n art\u00edsticas de cota en guitarra cl\u00e1sica y miembro del colectivo Sikuris del Majuy \n<\/div>        <\/div>\n        \t\t\t\t<\/div>\n\t\t\t\t<\/div>\n\t\t\t\t\t<\/div>\n\t\t\t\t<\/div>\n\t\t<div class=\"elementor-element elementor-element-ca10ce7 e-flex e-con-boxed e-con e-parent\" data-id=\"ca10ce7\" data-element_type=\"container\" data-e-type=\"container\">\n\t\t\t\t\t<div class=\"e-con-inner\">\n\t\t\t\t<div class=\"elementor-element elementor-element-241ab9e elementor-widget elementor-widget-he-personal-information\" data-id=\"241ab9e\" data-element_type=\"widget\" data-e-type=\"widget\" data-widget_type=\"he-personal-information.default\">\n\t\t\t\t<div class=\"elementor-widget-container\">\n\t\t\t\t\t        <div class=\"he-personal-information he-align-center\">\n            <div class=\"he-pi-image\">\n                <img loading=\"lazy\" decoding=\"async\" width=\"1204\" height=\"1600\" src=\"https:\/\/repensandolaeducacion.alopadres.com\/wp-content\/uploads\/2024\/07\/Foto_Stephania_Repensando.jpg\" class=\"attachment-full size-full wp-image-1472\" alt=\"\" srcset=\"https:\/\/repensandolaeducacion.alopadres.com\/wp-content\/uploads\/2024\/07\/Foto_Stephania_Repensando.jpg 1204w, https:\/\/repensandolaeducacion.alopadres.com\/wp-content\/uploads\/2024\/07\/Foto_Stephania_Repensando-226x300.jpg 226w, https:\/\/repensandolaeducacion.alopadres.com\/wp-content\/uploads\/2024\/07\/Foto_Stephania_Repensando-771x1024.jpg 771w, https:\/\/repensandolaeducacion.alopadres.com\/wp-content\/uploads\/2024\/07\/Foto_Stephania_Repensando-768x1021.jpg 768w, https:\/\/repensandolaeducacion.alopadres.com\/wp-content\/uploads\/2024\/07\/Foto_Stephania_Repensando-1156x1536.jpg 1156w\" sizes=\"(max-width: 1204px) 100vw, 1204px\" \/>            <\/div>\n\n            <div class=\"he-pi-name\"><span>Elisa Stephania Alvarado<\/span><\/div><div class=\"he-pi-intro\">Estudiante de Biolog\u00eda de la Universidad Militar, con inter\u00e9s en el estudio de herpetos, aves y mam\u00edferos. Perteneciente al Semillero de Evoluci\u00f3n y Conservaci\u00f3n, el grupo de Pajareros de Cota. Ilustradora cient\u00edfica en proceso. Entusiasta de las artes y la ciencia.\nCorrecci\u00f3n de estilo para la revista \n<\/div>        <\/div>\n        \t\t\t\t<\/div>\n\t\t\t\t<\/div>\n\t\t\t\t\t<\/div>\n\t\t\t\t<\/div>\n\t\t\t\t<\/div>\n\t\t","protected":false},"excerpt":{"rendered":"<p>La pasi\u00f3n por la lectura y la voluntad de contribuir a la transformaci\u00f3n del mundo son dos fuerzas poderosas que pueden llevarnos a lugares incre\u00edbles. La revista es una forma de compartir nuestros saberes y experiencias, y, a su vez, de aprender de los dem\u00e1s. Por ello, \u00abRepensando la educaci\u00f3n\u00bb busca ser inclusiva, diversa, dar [&hellip;]<\/p>\n","protected":false},"author":1,"featured_media":0,"parent":0,"menu_order":0,"comment_status":"closed","ping_status":"closed","template":"","meta":{"sb_editor_width":"","footnotes":""},"coauthors":[52],"class_list":["post-1430","page","type-page","status-publish","hentry"],"relative_dates":{"created":"3 a\u00f1os ago","modified":"2 a\u00f1os ago"},"jetpack-related-posts":[{"id":1062,"url":"https:\/\/repensandolaeducacion.alopadres.com\/index.php\/edicion-18\/","url_meta":{"origin":1430,"position":0},"title":"Edici\u00f3n 18","author":"repensando","date":"28 de noviembre de 2023","format":false,"excerpt":"REVISTA DIGITAL REPENSANDO LA EDUCACI\u00d3NISSN: 2744-8754 (En l\u00ednea) Edici\u00f3n 18 Cota, ColombiaDiciembre 2023-enero 2024DIRECCI\u00d3N GENERALGladys Elisa Salas CDIRECCI\u00d3N EDITORIALGladys Elisa Salas Cgladys.salas.c@gmail.comCORRECCI\u00d3N DE ESTILOElisa Stephania AlvaradoDISE\u00d1O GR\u00c1FICOGladys SalasFOTOSAplicaci\u00f3n Canva, y algunas facilitadas por los colaboradores.La Revista REPENSANDO LA EDUCACI\u00d3N no hace necesariamente suyas las opiniones y criterios expresados por sus\u2026","rel":"","context":"Entrada similar","block_context":{"text":"Entrada similar","link":""},"img":{"alt_text":"","src":"https:\/\/i0.wp.com\/repensandolaeducacion.alopadres.com\/wp-content\/uploads\/2023\/11\/Revista-RLE18.jpg?resize=350%2C200&ssl=1","width":350,"height":200,"srcset":"https:\/\/i0.wp.com\/repensandolaeducacion.alopadres.com\/wp-content\/uploads\/2023\/11\/Revista-RLE18.jpg?resize=350%2C200&ssl=1 1x, https:\/\/i0.wp.com\/repensandolaeducacion.alopadres.com\/wp-content\/uploads\/2023\/11\/Revista-RLE18.jpg?resize=525%2C300&ssl=1 1.5x, https:\/\/i0.wp.com\/repensandolaeducacion.alopadres.com\/wp-content\/uploads\/2023\/11\/Revista-RLE18.jpg?resize=700%2C400&ssl=1 2x, https:\/\/i0.wp.com\/repensandolaeducacion.alopadres.com\/wp-content\/uploads\/2023\/11\/Revista-RLE18.jpg?resize=1050%2C600&ssl=1 3x, https:\/\/i0.wp.com\/repensandolaeducacion.alopadres.com\/wp-content\/uploads\/2023\/11\/Revista-RLE18.jpg?resize=1400%2C800&ssl=1 4x"},"classes":[]},{"id":863,"url":"https:\/\/repensandolaeducacion.alopadres.com\/index.php\/edicion-14\/","url_meta":{"origin":1430,"position":1},"title":"Edici\u00f3n 14","author":"repensando","date":"1 de febrero de 2023","format":false,"excerpt":"REVISTA DIGITAL REPENSANDO LA EDUCACI\u00d3NISSN: 2744-8754 (En l\u00ednea) Edici\u00f3n 14 Cota, ColombiaFebrero-marzo de 2023DIRECCI\u00d3N GENERALGladys Elisa Salas CDIRECCI\u00d3N EDITORIALGladys Elisa Salas Cgladys.salas.c@gmail.comCORRECCI\u00d3N DE ESTILOElisa Stephania AlvaradoDISE\u00d1O GR\u00c1FICOGladys SalasFOTOSAplicaci\u00f3n Canva, y algunas facilitadas por los colaboradores.La Revista REPENSANDO LA EDUCACI\u00d3N no hace necesariamente suyas las opiniones y criterios expresados por sus\u2026","rel":"","context":"Entrada similar","block_context":{"text":"Entrada similar","link":""},"img":{"alt_text":"","src":"https:\/\/i0.wp.com\/repensandolaeducacion.alopadres.com\/wp-content\/uploads\/2023\/11\/Revista-RLE14.jpg?resize=350%2C200&ssl=1","width":350,"height":200,"srcset":"https:\/\/i0.wp.com\/repensandolaeducacion.alopadres.com\/wp-content\/uploads\/2023\/11\/Revista-RLE14.jpg?resize=350%2C200&ssl=1 1x, https:\/\/i0.wp.com\/repensandolaeducacion.alopadres.com\/wp-content\/uploads\/2023\/11\/Revista-RLE14.jpg?resize=525%2C300&ssl=1 1.5x, https:\/\/i0.wp.com\/repensandolaeducacion.alopadres.com\/wp-content\/uploads\/2023\/11\/Revista-RLE14.jpg?resize=700%2C400&ssl=1 2x, https:\/\/i0.wp.com\/repensandolaeducacion.alopadres.com\/wp-content\/uploads\/2023\/11\/Revista-RLE14.jpg?resize=1050%2C600&ssl=1 3x, https:\/\/i0.wp.com\/repensandolaeducacion.alopadres.com\/wp-content\/uploads\/2023\/11\/Revista-RLE14.jpg?resize=1400%2C800&ssl=1 4x"},"classes":[]},{"id":34,"url":"https:\/\/repensandolaeducacion.alopadres.com\/","url_meta":{"origin":1430,"position":2},"title":"Home","author":"repensando","date":"5 de febrero de 2020","format":false,"excerpt":"\u00daltimos art\u00edculos Maestros y Padres: El Puente que la Escuela No Puede Romper\u00bfMaestros o mentores? Repensando nuestro papel como padres homeschoolersROMPER LA BRECHA: CUANDO PADRES Y MAESTROS DEJAN DE SER MUNDOS SEPARADOSnota del editor Edici\u00f3n 30Algunas advertencias Edici\u00f3n 30Educaci\u00f3nUltimos Maestros y Padres: El Puente que la Escuela No Puede Romper\u2026","rel":"","context":"Entrada similar","block_context":{"text":"Entrada similar","link":""},"img":{"alt_text":"Maestros y Padres: El Puente que la Escuela No Puede Romper","src":"https:\/\/i0.wp.com\/repensandolaeducacion.alopadres.com\/wp-content\/uploads\/2026\/03\/Repensando_educacion_revista_e30-3-1024x512.jpg?resize=350%2C200&ssl=1","width":350,"height":200,"srcset":"https:\/\/i0.wp.com\/repensandolaeducacion.alopadres.com\/wp-content\/uploads\/2026\/03\/Repensando_educacion_revista_e30-3-1024x512.jpg?resize=350%2C200&ssl=1 1x, https:\/\/i0.wp.com\/repensandolaeducacion.alopadres.com\/wp-content\/uploads\/2026\/03\/Repensando_educacion_revista_e30-3-1024x512.jpg?resize=525%2C300&ssl=1 1.5x, https:\/\/i0.wp.com\/repensandolaeducacion.alopadres.com\/wp-content\/uploads\/2026\/03\/Repensando_educacion_revista_e30-3-1024x512.jpg?resize=700%2C400&ssl=1 2x"},"classes":[]},{"id":1309,"url":"https:\/\/repensandolaeducacion.alopadres.com\/index.php\/edicion-19\/","url_meta":{"origin":1430,"position":3},"title":"Edici\u00f3n 19","author":"repensando","date":"14 de junio de 2024","format":false,"excerpt":"REVISTA DIGITAL REPENSANDO LA EDUCACI\u00d3NISSN: 2744-8754 (En l\u00ednea) Edici\u00f3n 19 Cota, ColombiaAbril-mayo de 2024DIRECCI\u00d3N GENERALGladys Elisa Salas CDIRECCI\u00d3N EDITORIALGladys Elisa Salas Cgladys.salas.c@gmail.comCORRECCI\u00d3N DE ESTILOElisa Stephania AlvaradoDISE\u00d1O GR\u00c1FICOGladys SalasFOTOSAplicaci\u00f3n Canva, y algunas facilitadas por los colaboradores.La Revista REPENSANDO LA EDUCACI\u00d3N no hace necesariamente suyas las opiniones y criterios expresados por sus\u2026","rel":"","context":"Entrada similar","block_context":{"text":"Entrada similar","link":""},"img":{"alt_text":"","src":"https:\/\/i0.wp.com\/repensandolaeducacion.alopadres.com\/wp-content\/uploads\/2024\/04\/Revista-RLE19.jpg?resize=350%2C200&ssl=1","width":350,"height":200,"srcset":"https:\/\/i0.wp.com\/repensandolaeducacion.alopadres.com\/wp-content\/uploads\/2024\/04\/Revista-RLE19.jpg?resize=350%2C200&ssl=1 1x, https:\/\/i0.wp.com\/repensandolaeducacion.alopadres.com\/wp-content\/uploads\/2024\/04\/Revista-RLE19.jpg?resize=525%2C300&ssl=1 1.5x, https:\/\/i0.wp.com\/repensandolaeducacion.alopadres.com\/wp-content\/uploads\/2024\/04\/Revista-RLE19.jpg?resize=700%2C400&ssl=1 2x, https:\/\/i0.wp.com\/repensandolaeducacion.alopadres.com\/wp-content\/uploads\/2024\/04\/Revista-RLE19.jpg?resize=1050%2C600&ssl=1 3x, https:\/\/i0.wp.com\/repensandolaeducacion.alopadres.com\/wp-content\/uploads\/2024\/04\/Revista-RLE19.jpg?resize=1400%2C800&ssl=1 4x"},"classes":[]},{"id":617,"url":"https:\/\/repensandolaeducacion.alopadres.com\/index.php\/edicion-17\/","url_meta":{"origin":1430,"position":4},"title":"Edici\u00f3n 17","author":"repensando","date":"1 de octubre de 2023","format":false,"excerpt":"REVISTA DIGITAL REPENSANDO LA EDUCACI\u00d3NISSN: 2744-8754 (En l\u00ednea) Edici\u00f3n 17 Cota, ColombiaOctubre-noviembre de 2023DIRECCI\u00d3N GENERALGladys Elisa Salas CDIRECCI\u00d3N EDITORIALGladys Elisa Salas Cgladys.salas.c@gmail.comCORRECCI\u00d3N DE ESTILOElisa Stephania AlvaradoDISE\u00d1O GR\u00c1FICOGladys SalasFOTOSAplicaci\u00f3n Canva, y algunas facilitadas por los colaboradores.La Revista REPENSANDO LA EDUCACI\u00d3N no hace necesariamente suyas las opiniones y criterios expresados por sus\u2026","rel":"","context":"Entrada similar","block_context":{"text":"Entrada similar","link":""},"img":{"alt_text":"","src":"https:\/\/i0.wp.com\/repensandolaeducacion.alopadres.com\/wp-content\/uploads\/2023\/11\/Revista-RLE17-1.jpg?resize=350%2C200&ssl=1","width":350,"height":200,"srcset":"https:\/\/i0.wp.com\/repensandolaeducacion.alopadres.com\/wp-content\/uploads\/2023\/11\/Revista-RLE17-1.jpg?resize=350%2C200&ssl=1 1x, https:\/\/i0.wp.com\/repensandolaeducacion.alopadres.com\/wp-content\/uploads\/2023\/11\/Revista-RLE17-1.jpg?resize=525%2C300&ssl=1 1.5x, https:\/\/i0.wp.com\/repensandolaeducacion.alopadres.com\/wp-content\/uploads\/2023\/11\/Revista-RLE17-1.jpg?resize=700%2C400&ssl=1 2x, https:\/\/i0.wp.com\/repensandolaeducacion.alopadres.com\/wp-content\/uploads\/2023\/11\/Revista-RLE17-1.jpg?resize=1050%2C600&ssl=1 3x, https:\/\/i0.wp.com\/repensandolaeducacion.alopadres.com\/wp-content\/uploads\/2023\/11\/Revista-RLE17-1.jpg?resize=1400%2C800&ssl=1 4x"},"classes":[]},{"id":819,"url":"https:\/\/repensandolaeducacion.alopadres.com\/index.php\/edicion-16\/","url_meta":{"origin":1430,"position":5},"title":"Edici\u00f3n 16","author":"repensando","date":"1 de junio de 2023","format":false,"excerpt":"REVISTA DIGITAL REPENSANDO LA EDUCACI\u00d3NISSN: 2744-8754 (En l\u00ednea) Edici\u00f3n 16 Cota, ColombiaJunio-julio de 2023DIRECCI\u00d3N GENERALGladys Elisa Salas CDIRECCI\u00d3N EDITORIALGladys Elisa Salas Cgladys.salas.c@gmail.comCORRECCI\u00d3N DE ESTILOElisa Stephania AlvaradoDISE\u00d1O GR\u00c1FICOGladys SalasFOTOSAplicaci\u00f3n Canva, y algunas facilitadas por los colaboradores.La Revista REPENSANDO LA EDUCACI\u00d3N no hace necesariamente suyas las opiniones y criterios expresados por sus\u2026","rel":"","context":"Entrada similar","block_context":{"text":"Entrada similar","link":""},"img":{"alt_text":"","src":"https:\/\/i0.wp.com\/repensandolaeducacion.alopadres.com\/wp-content\/uploads\/2023\/11\/Revista-RLE16.jpg?resize=350%2C200&ssl=1","width":350,"height":200,"srcset":"https:\/\/i0.wp.com\/repensandolaeducacion.alopadres.com\/wp-content\/uploads\/2023\/11\/Revista-RLE16.jpg?resize=350%2C200&ssl=1 1x, https:\/\/i0.wp.com\/repensandolaeducacion.alopadres.com\/wp-content\/uploads\/2023\/11\/Revista-RLE16.jpg?resize=525%2C300&ssl=1 1.5x, https:\/\/i0.wp.com\/repensandolaeducacion.alopadres.com\/wp-content\/uploads\/2023\/11\/Revista-RLE16.jpg?resize=700%2C400&ssl=1 2x, https:\/\/i0.wp.com\/repensandolaeducacion.alopadres.com\/wp-content\/uploads\/2023\/11\/Revista-RLE16.jpg?resize=1050%2C600&ssl=1 3x, https:\/\/i0.wp.com\/repensandolaeducacion.alopadres.com\/wp-content\/uploads\/2023\/11\/Revista-RLE16.jpg?resize=1400%2C800&ssl=1 4x"},"classes":[]}],"jetpack_sharing_enabled":true,"_links":{"self":[{"href":"https:\/\/repensandolaeducacion.alopadres.com\/index.php\/wp-json\/wp\/v2\/pages\/1430","targetHints":{"allow":["GET"]}}],"collection":[{"href":"https:\/\/repensandolaeducacion.alopadres.com\/index.php\/wp-json\/wp\/v2\/pages"}],"about":[{"href":"https:\/\/repensandolaeducacion.alopadres.com\/index.php\/wp-json\/wp\/v2\/types\/page"}],"author":[{"embeddable":true,"href":"https:\/\/repensandolaeducacion.alopadres.com\/index.php\/wp-json\/wp\/v2\/users\/1"}],"replies":[{"embeddable":true,"href":"https:\/\/repensandolaeducacion.alopadres.com\/index.php\/wp-json\/wp\/v2\/comments?post=1430"}],"version-history":[{"count":36,"href":"https:\/\/repensandolaeducacion.alopadres.com\/index.php\/wp-json\/wp\/v2\/pages\/1430\/revisions"}],"predecessor-version":[{"id":1508,"href":"https:\/\/repensandolaeducacion.alopadres.com\/index.php\/wp-json\/wp\/v2\/pages\/1430\/revisions\/1508"}],"wp:attachment":[{"href":"https:\/\/repensandolaeducacion.alopadres.com\/index.php\/wp-json\/wp\/v2\/media?parent=1430"}],"wp:term":[{"taxonomy":"author","embeddable":true,"href":"https:\/\/repensandolaeducacion.alopadres.com\/index.php\/wp-json\/wp\/v2\/coauthors?post=1430"}],"curies":[{"name":"wp","href":"https:\/\/api.w.org\/{rel}","templated":true}]}}